{"id":51,"date":"2023-02-02T09:16:17","date_gmt":"2023-02-02T08:16:17","guid":{"rendered":"https:\/\/personaroom.com\/blog\/?page_id=51"},"modified":"2023-02-02T09:16:17","modified_gmt":"2023-02-02T08:16:17","slug":"riasec-type-realiste","status":"publish","type":"page","link":"https:\/\/www.testdorientation.com\/blog\/le-test-dorientation-riasec\/riasec-type-realiste\/","title":{"rendered":"RIASEC : Type R\u00e9aliste"},"content":{"rendered":"<h2>Le type R\u00e9aliste en 2 mots<\/h2>\n<p>Le besoin de toucher les choses, l\u2019engagement physique. Modestie, franchise, efficacit\u00e9 dans le travail, autonome, gestion efficace du temps, capacit\u00e9 \u00e0 trouver des solutions concr\u00e8tes \u00e0 des probl\u00e8mes<\/p>\n<h2>Son environnement<\/h2>\n<p>Environnement simple et naturel. Il est caract\u00e9ris\u00e9 par son sens pratique. Il a le go\u00fbt des r\u00e9sultats tangibles et des gestes concrets. Adroit de ses mains, il aime manier des outils ou conduire des \u00ab machines \u00bb. Il a de l\u2019endurance physique et\/ou de la dext\u00e9rit\u00e9 manuelle. Il aime obtenir des r\u00e9sultats concrets<br \/>\net travaille avec r\u00e9gularit\u00e9.<\/p>\n<h2>Ses activit\u00e9s et caract\u00e9ristiques<\/h2>\n<p>R\u00e9parer, utiliser des outils, conduire des machines, travailler avec ses mains, se<br \/>\nd\u00e9penser physiquement. Sens pratique, aventureux, capacit\u00e9s m\u00e9caniques, peu \u00e0 l\u2019aise dans les rapports sociaux, peu d\u2019int\u00e9r\u00eat pour la nouveaut\u00e9.<\/p>\n<p>&nbsp;<\/p>\n","protected":false},"excerpt":{"rendered":"<p>Le type R\u00e9aliste en 2 mots Le besoin de toucher les choses, l\u2019engagement physique. Modestie, franchise, efficacit\u00e9 dans le travail, autonome, gestion efficace du temps, capacit\u00e9 \u00e0 trouver des solutions concr\u00e8tes \u00e0 des probl\u00e8mes Son environnement Environnement simple et naturel. Il est caract\u00e9ris\u00e9 par son sens pratique. Il a le go\u00fbt des r\u00e9sultats tangibles et &hellip; <\/p>\n<p class=\"link-more\"><a href=\"https:\/\/www.testdorientation.com\/blog\/le-test-dorientation-riasec\/riasec-type-realiste\/\" class=\"more-link\">Continuer la lecture<span class=\"screen-reader-text\"> de &laquo;&nbsp;RIASEC : Type R\u00e9aliste&nbsp;&raquo;<\/span><\/a><\/p>\n","protected":false},"author":2,"featured_media":0,"parent":45,"menu_order":0,"comment_status":"closed","ping_status":"closed","template":"","meta":{"footnotes":""},"class_list":["post-51","page","type-page","status-publish","hentry"],"_links":{"self":[{"href":"https:\/\/www.testdorientation.com\/blog\/wp-json\/wp\/v2\/pages\/51","targetHints":{"allow":["GET"]}}],"collection":[{"href":"https:\/\/www.testdorientation.com\/blog\/wp-json\/wp\/v2\/pages"}],"about":[{"href":"https:\/\/www.testdorientation.com\/blog\/wp-json\/wp\/v2\/types\/page"}],"author":[{"embeddable":true,"href":"https:\/\/www.testdorientation.com\/blog\/wp-json\/wp\/v2\/users\/2"}],"replies":[{"embeddable":true,"href":"https:\/\/www.testdorientation.com\/blog\/wp-json\/wp\/v2\/comments?post=51"}],"version-history":[{"count":1,"href":"https:\/\/www.testdorientation.com\/blog\/wp-json\/wp\/v2\/pages\/51\/revisions"}],"predecessor-version":[{"id":52,"href":"https:\/\/www.testdorientation.com\/blog\/wp-json\/wp\/v2\/pages\/51\/revisions\/52"}],"up":[{"embeddable":true,"href":"https:\/\/www.testdorientation.com\/blog\/wp-json\/wp\/v2\/pages\/45"}],"wp:attachment":[{"href":"https:\/\/www.testdorientation.com\/blog\/wp-json\/wp\/v2\/media?parent=51"}],"curies":[{"name":"wp","href":"https:\/\/api.w.org\/{rel}","templated":true}]}}